
13
Let s = 34 - 28. Suppose -4*a + 27 = 3*r, 3*a = 3*r + 2*a - 12. Suppose 0 = -g - 0 + r, -4*g = i - 24. Calculate the remainder when s is divided by i.
2
Suppose -89 - 73 = 6*t. Let d = t + 27. What is the remainder when (-3)/(-1 - (d - 0)) is divided by 3?
0
Let h(f) = 36*f + 806. Let o = 1 - -2. What is the remainder when h(-22) is divided by o?
2
Let h be (-1092)/(-21) + (-1 - -2 - 0). Suppose -3*z + 4*q + 0 - 91 = 0, 5 = 5*q. Let m = z + h. Calculate the remainder when 47 is divided by m.
23
Let l(w) = -15*w - w**2 + 0*w**2 - 11 + 11*w**2 + w**3. Calculate the remainder when 96 is divided by l(-11).
30
Let h = -621 + 752. What is the remainder when 143 is divided by h?
12
Suppose -12*o = 3 - 519. What is the remainder when 122 is divided by o?
36
Let d(y) = 535*y**2 + 1. Let t be d(-1). What is the remainder when (-1 - 1)*t/(-16) is divided by 17?
16
Let s(y) = 5*y**2 + 38*y - 7. Let l = -100 - -143. What is the remainder when l is divided by s(-8)?
7
Let o = -194 - -206. Calculate the remainder when 29 is divided by o.
5
Let b = -16 + 20. Let x(g) = 6*g + 4. Suppose -r = f - 0*f - 59, 0 = 5*f + r - 275. Calculate the remainder when f is divided by x(b).
26
Let z(v) = v**2 - 21. Let r(q) = q**2 - 22. Let b(f) = -6*r(f) + 5*z(f). Calculate the remainder when 52 is divided by b(0).
25
What is the remainder when (-56)/(-4 - 0) + (-1 - -1) is divided by (20/75*10)/((-4)/(-6))?
2
Suppose -15*g + 275 = 65. What is the remainder when 26 is divided by g?
12
What is the remainder when 254 is divided by -43 + 46 + 32 + (-9)/3?
30
Suppose 30*d = 1098 + 1032. Calculate the remainder when 273 is divided by d.
60
Suppose -c = 5*l + 5, 2*c + 5*l - 3 = 2. Suppose c + 14 = 3*q. Let o = -8 - -14. Calculate the remainder when q is divided by o.
2
Suppose -3*g + 256 = 4*j, -17 = j + g - 82. Suppose 7*h - 152 = -j. What is the remainder when 63 is divided by h?
11
Suppose 0*r - 186 = -5*t - 2*r, -5*t - 3*r + 189 = 0. Suppose 470 = 9*v - 160. What is the remainder when v is divided by t?
34
Calculate the remainder when 674/(-2)*(-34)/34 - 0 is divided by 38.
33
Let w be 1/5 + 1/(-5). Suppose -i - 3*p + 0 + 11 = w, 3*p = 3*i - 57. Suppose x - 4*r = i, 5*x = 2*r - r + 104. Calculate the remainder when 41 is divided by x.
20
Let w(b) = 21*b + 2. Calculate the remainder when w(7) is divided by 25.
24
Suppose 0 = 13*v - 186 - 1725. Calculate the remainder when v is divided by 74.
73
What is the remainder when 140 is divided by ((12/(-9))/((-5)/(-195)))/(-2)?
10
Suppose 8 + 62 = -5*p. Let o(i) = 15*i**2 - 7*i - 5. Let q be o(-1). Let z = q + p. Calculate the remainder when 8 is divided by z.
2
Let p be (-3)/6 - (4 + 76/(-8)). Suppose p*y = 4*i - 1, -3*y - 11 + 40 = 5*i. Calculate the remainder when 11 is divided by i.
3
Suppose -8*r = -11*r - 174. Let a be (-1)/3 - 166/6. Let i = a - r. Calculate the remainder when 57 is divided by i.
27
Let r = 93 - 87. Let i(l) = 2*l**2 - l + 3*l - l**2. What is the remainder when i(r) is divided by 17?
14
Calculate the remainder when 474 is divided by ((-5640)/(-35))/6 - (-64)/56.
26
Let k(t) = 3*t**3 + 2*t**2 - 7*t + 3. Let s be k(2). Let l = s - 4. Calculate the remainder when 67 is divided by l.
16
Let f = -33 - -36. Suppose 0 = 4*o - f*o - 105. Calculate the remainder when o is divided by 27.
24
Let d(s) = -5*s + 21*s**2 + 14*s**2 + 1 - 34*s**2. What is the remainder when d(6) is divided by 6?
1
Calculate the remainder when 139 is divided by ((-54)/(-10))/((-51)/(-170)).
13
Let g = 110 - 54. Suppose 0 = -d + 2*d - g. What is the remainder when d is divided by 15?
11
Suppose 0 = -s + 5*s - 36. Suppose -4*t - 3*x = -21, x = 5*t - x - s. Calculate the remainder when 6 is divided by t.
0
Let t = 5 + -2. Let w be (t - 2) + (0 - -3). Suppose 30 = -h + w*h. Calculate the remainder when 19 is divided by h.
9
Suppose -4*l = w + 9, w - 4*l - 36 = l. Suppose 0 = -0*h - 5*h + 20. Suppose -h*k + 256 - 92 = 0. What is the remainder when k is divided by w?
8
Suppose -32*u + 2*m = -37*u + 1725, u = -m + 348. Calculate the remainder when u is divided by 50.
43
Let b be ((-18)/8)/(6/32). Let q(u) = -u**3 + 9*u**2 + u - 1. Let t be q(9). Let s = t - b. Calculate the remainder when s is divided by 8.
4
Let q = 49 + -32. Let c = -1 - q. Let p = c + 30. Calculate the remainder when 34 is divided by p.
10
Suppose 2*y - 5 = y. Suppose u - 4 - 21 = y*f, -4*f - u = 11. What is the remainder when 24 is divided by 1 + f - (0 - 12)?
6
Suppose 0 = b + o - 61, -5*b + o = 5*o - 306. Let d = 2606 + -2361. What is the remainder when d is divided by b?
59
Let f be 1/(((-4)/2)/10). Let m(y) = -2*y - 4. What is the remainder when (-21)/(-28) - 162/(-8) is divided by m(f)?
3
Suppose 0 = -4*r - 4*t + 188, -r - 5*t + 43 = -0*t. Calculate the remainder when r is divided by 16/104 + 334/26.
9
What is the remainder when 150 is divided by (74/3 + 2)*252/105?
22
Suppose 5*k - 13 = 2*g, k - 2*g - 6 = 3*k. Let l be -24*((-2)/(-4))/k. Calculate the remainder when 23 is divided by (-3)/(-9)*3 - l.
10
Suppose 0 = 2*t - 15 - 1. Suppose -290 = -13*c + t*c. What is the remainder when c is divided by 15?
13
Let a = 25 + -8. Suppose l + 20 = 3*l + 5*m, 2*l = 3*m - 12. Calculate the remainder when a is divided by 2*-4*(l + -1) + 1.
8
Let p = -71 + 89. Suppose -9*c + p = -7*c. What is the remainder when (-70)/(-2) - 0/1 is divided by c?
8
Let w be 165/4*40/10. Suppose -w = -8*f + 59. Calculate the remainder when 51 is divided by f.
23
Let a = -2 + 7. Suppose 0 = -17*o + 28*o - 143. What is the remainder when o is divided by a?
3
Let s be 930/33 + 6/(-33). Let q be 4/(-14) - (-1016)/s. Suppose -5*f = -59 - q. Calculate the remainder when 74 is divided by f.
17
Let p = -5 - -7. Suppose 3*i + 5*t - 603 = p*t, 3*i - 619 = t. Suppose 6*d - d - i = 0. What is the remainder when d is divided by 22?
19
Let d(m) = 3*m**2. Let r be d(-1). Let a(w) = w**2 + w + 13. Calculate the remainder when a(-9) is divided by r + (2 - -21) - -3.
27
Suppose 0*y + 42 = 3*y. Let q be (-2)/(-16) + 3381/24. Calculate the remainder when q/6 - (-12)/8 is divided by y.
11
Let d = 304 + -279. What is the remainder when 65 is divided by d?
15
Suppose -l - b + 2 = 0, 4*b = 3*b + 5. Calculate the remainder when 73 is divided by 7 + l - (1 - 16).
16
Suppose 5*u + 5 = -5*h, 4*h = -3*u - h - 11. Suppose 0 = u*i - 9*i + 36. What is the remainder when 47 is divided by i?
5
Calculate the remainder when (-49)/(-12) - (-10 - (-726)/72) is divided by 4.
0
Suppose -4*z + 12 = -172. Calculate the remainder when z is divided by -3*(-26)/3 + -100 + 98.
22
Suppose -31*g + 15 = -30*g. Suppose 2*r - 77 = g. What is the remainder when 182 is divided by r?
44
Let n = 0 - -7. Calculate the remainder when -14*(-2)/1*(-11)/(-22) is divided by n.
0
Suppose 8*p - 823 - 41 = 0. Calculate the remainder when 103 is divided by (-24)/p + (-490)/(-18).
22
Suppose -3*o + 15 = 3*h, 4*h - o - 1 + 6 = 0. Suppose 6*q - 3*q = 2*s + 258, -q - 2*s + 86 = h. What is the remainder when q is divided by 22?
20
Suppose -2*q + 44 = 2*q. Let b(p) = p**2 - 2*p + 22. Let m be b(0). Let v = 26 - m. Calculate the remainder when q is divided by v.
3
Suppose 0 = -11*v + 59*v - 1008. What is the remainder when 156 is divided by v?
9
Suppose 0 = -6*a + 32 - 2. Suppose 6 = a*f + 26. What is the remainder when -1*(f + -56 + -1) is divided by 16?
13
Let c = 13 + 9. Let n = -54 + 66. What is the remainder when c is divided by n?
10
Let d(z) = -z**3 - 41*z**2 - 86*z - 112. What is the remainder when d(-39) is divided by 56?
32
Let n = -1385 + 1411. What is the remainder when 4/(-14) + (-2146)/(-14) is divided by n?
23
Suppose 5*u - 18 = -k, 0*u - 5*k = 5*u - 30. Calculate the remainder when ((-57)/(-3)*2)/2 is divided by u.
1
Let v(l) = 299*l - 593. Let f = -1 - -4. Calculate the remainder when v(2) is divided by f.
2
Suppose c - 89 = 37. What is the remainder when c is divided by 5?
1
Suppose 5*d = 4*k - 6*k + 1105, 4*d - 884 = -4*k. What is the remainder when d is divided by 32?
29
Let c(v) be the third derivative of v**5/30 + 19*v**4/24 + v**3/2 + 40*v**2. What is the remainder when 143 is divided by c(-11)?
35
Let g(m) = 2*m**2 + 8*m + 49. Calculate the remainder when 194 is divided by g(0).
47
Let l(k) be the first derivative of k**4/4 + 10*k**3/3 + 8*k + 6. Wh